{"id":21,"date":"2010-08-07T14:53:28","date_gmt":"2010-08-07T14:53:28","guid":{"rendered":"http:\/\/localhost\/lourdes2010\/?page_id=21"},"modified":"2016-12-29T10:43:25","modified_gmt":"2016-12-29T08:43:25","slug":"accueil","status":"publish","type":"page","link":"https:\/\/www.amisdelourdes.be\/","title":{"rendered":"Accueil"},"content":{"rendered":"<p>Notre groupe va \u00e0 lourdes chaque ann\u00e9e. il est&nbsp; temps de vous donner les information pour juillet prochain.<\/p>\n<p>Cliquer sur &lsquo;Vacances&rsquo;<\/p>\n<p>Si vous \u00eates une famille cliquez sur lourdes en familles en 2011<\/p>\n<p>ou t\u00e9l\u00e9charger les fichiers ci dessous<\/p>\n<p><a href=\"http:\/\/www.amisdelourdes.be\/wp-content\/uploads\/2010\/08\/Quest-ce-quest-Lourdes-avec-Don-Bosco.pdf\" target=\"_blank\">Qu&rsquo;est ce qu&rsquo;est Lourdes avec Don Bosco<\/a>?<\/p>\n<p><a href=\"http:\/\/www.amisdelourdes.be\/wp-content\/uploads\/2010\/08\/Vacances-Lourdes-familles-2011.pdf\" target=\"_blank\">Vacances Lourdes familles 2011<\/a><\/p>\n<p>si vous avez entres 16 et 24 ans cliquez sur lourdes avec les jeunes en 2011<\/p>\n","protected":false},"excerpt":{"rendered":"<p>Notre groupe va \u00e0 lourdes chaque ann\u00e9e. il est&nbsp; temps de vous donner les information pour juillet prochain. Cliquer sur &lsquo;Vacances&rsquo; Si vous \u00eates une famille cliquez sur lourdes en familles en 2011 ou t\u00e9l\u00e9charger les fichiers ci dessous Qu&rsquo;est &hellip; <a href=\"https:\/\/www.amisdelourdes.be\/\">Continuer la lecture <span class=\"meta-nav\">&rarr;<\/span><\/a><\/p>\n","protected":false},"author":1,"featured_media":0,"parent":0,"menu_order":0,"comment_status":"closed","ping_status":"closed","template":"","meta":{"ngg_post_thumbnail":0,"footnotes":""},"_links":{"self":[{"href":"https:\/\/www.amisdelourdes.be\/index.php?rest_route=\/wp\/v2\/pages\/21"}],"collection":[{"href":"https:\/\/www.amisdelourdes.be\/index.php?rest_route=\/wp\/v2\/pages"}],"about":[{"href":"https:\/\/www.amisdelourdes.be\/index.php?rest_route=\/wp\/v2\/types\/page"}],"author":[{"embeddable":true,"href":"https:\/\/www.amisdelourdes.be\/index.php?rest_route=\/wp\/v2\/users\/1"}],"replies":[{"embeddable":true,"href":"https:\/\/www.amisdelourdes.be\/index.php?rest_route=%2Fwp%2Fv2%2Fcomments&post=21"}],"version-history":[{"count":14,"href":"https:\/\/www.amisdelourdes.be\/index.php?rest_route=\/wp\/v2\/pages\/21\/revisions"}],"predecessor-version":[{"id":333,"href":"https:\/\/www.amisdelourdes.be\/index.php?rest_route=\/wp\/v2\/pages\/21\/revisions\/333"}],"wp:attachment":[{"href":"https:\/\/www.amisdelourdes.be\/index.php?rest_route=%2Fwp%2Fv2%2Fmedia&parent=21"}],"curies":[{"name":"wp","href":"https:\/\/api.w.org\/{rel}","templated":true}]}}